{"id":69,"date":"2018-12-06T21:29:08","date_gmt":"2018-12-06T20:29:08","guid":{"rendered":"https:\/\/www.arkos.cz\/?page_id=69"},"modified":"2022-12-11T15:59:37","modified_gmt":"2022-12-11T14:59:37","slug":"o-nas","status":"publish","type":"page","link":"https:\/\/www.arkos.cz\/?page_id=69","title":{"rendered":"O n\u00e1s"},"content":{"rendered":"<p>[et_pb_section fb_built=&#8220;1&#8243; admin_label=&#8220;Hero section&#8220; _builder_version=&#8220;3.18.2&#8243; use_background_color_gradient=&#8220;on&#8220; background_color_gradient_start=&#8220;rgba(75,75,75,0.46)&#8220; background_color_gradient_end=&#8220;rgba(75,75,75,0.18)&#8220; background_color_gradient_overlays_image=&#8220;on&#8220; background_image=&#8220;https:\/\/www.arkos.cz\/wp-content\/uploads\/2019\/01\/178855.jpg&#8220; background_position=&#8220;top_center&#8220; custom_margin=&#8220;|||&#8220; custom_padding=&#8220;4.2%||10%||false|false&#8220;][et_pb_row custom_padding=&#8220;50px|50px|50px|50px&#8220; padding_top_1=&#8220;1px&#8220; _builder_version=&#8220;3.18.2&#8243; background_color=&#8220;rgba(75,75,75,0.75)&#8220; border_radii=&#8220;on|8px|8px|8px|8px&#8220;][et_pb_column type=&#8220;4_4&#8243; _builder_version=&#8220;3.0.47&#8243; padding_top=&#8220;1px&#8220; parallax=&#8220;off&#8220; parallax_method=&#8220;on&#8220;][et_pb_text _builder_version=&#8220;3.18.2&#8243; text_font=&#8220;||||||||&#8220; text_text_shadow_style=&#8220;preset2&#8243; text_text_shadow_color=&#8220;#000000&#8243; header_font=&#8220;Alegreya Sans||||||||&#8220; header_text_color=&#8220;#c2ab92&#8243; header_font_size=&#8220;38px&#8220; header_2_font=&#8220;Alegreya Sans||||||||&#8220; header_2_text_color=&#8220;#c2ab92&#8243; header_3_font=&#8220;Alegreya Sans|800||on|||||&#8220; header_3_text_align=&#8220;left&#8220; header_3_text_color=&#8220;#995682&#8243; header_3_font_size=&#8220;46px&#8220; header_3_letter_spacing=&#8220;1px&#8220; background_layout=&#8220;dark&#8220; max_width=&#8220;600px&#8220; module_alignment=&#8220;left&#8220; animation_style=&#8220;fade&#8220; animation_duration=&#8220;2000ms&#8220; animation_delay=&#8220;500ms&#8220; animation_starting_opacity=&#8220;30%&#8220; locked=&#8220;off&#8220;]<\/p>\n<h3>N\u00e1\u0161 p\u0159\u00edb\u011bh<\/h3>\n<p>[\/et_pb_text][et_pb_text _builder_version=&#8220;3.18.2&#8243; text_font=&#8220;Alegreya Sans||||||||&#8220; text_text_color=&#8220;#bababa&#8220; text_font_size=&#8220;20px&#8220; text_letter_spacing=&#8220;2px&#8220; text_line_height=&#8220;1.5em&#8220; text_text_shadow_style=&#8220;preset3&#8243; text_text_shadow_horizontal_length=&#8220;0.1em&#8220; text_text_shadow_vertical_length=&#8220;0.11em&#8220; text_text_shadow_blur_strength=&#8220;0.4em&#8220; text_text_shadow_color=&#8220;#4b4b4b&#8220; ul_font=&#8220;Open Sans||||||||&#8220; header_font=&#8220;Open Sans|900|||||||&#8220; header_font_size=&#8220;70px&#8220; header_font_size_tablet=&#8220;46px&#8220; header_font_size_last_edited=&#8220;on|tablet&#8220; header_letter_spacing=&#8220;2px&#8220; header_line_height=&#8220;0.8em&#8220; background_layout=&#8220;dark&#8220; animation_style=&#8220;fold&#8220;]<\/p>\n<p>Firma ARKOS, s.r.o. je architektonick\u00fd a projek\u010dn\u00ed atelier, kter\u00fd se zab\u00fdv\u00e1 p\u0159edev\u0161\u00edm komplexn\u00ed projektovou a in\u017een\u00fdrskou \u010dinnost\u00ed od architektonick\u00fdch studi\u00ed p\u0159es dokumentace um\u00edst\u011bn\u00ed stavby a projekty pro stavebn\u00ed povolen\u00ed a\u017e po prov\u00e1d\u011bc\u00ed projekty a n\u00e1vrhy interi\u00e9r\u016f u ob\u010dansk\u00fdch, bytov\u00fdch, pr\u016fmyslov\u00fdch a skladov\u00fdch staveb. Je v\u0161ak schopen zpracov\u00e1vat i d\u00edl\u010d\u00ed \u010d\u00e1sti dokumentace na z\u00e1klad\u011b podklad\u016f p\u0159edan\u00fdch investorem p\u0159\u00edpadn\u011b zpracov\u00e1vat projekty dle n\u00e1vrh\u016f jin\u00fdch architekt\u016f. Atelier \u0159e\u0161\u00ed jak novostavby, tak rekonstrukce,\u00a0p\u0159i\u010dem\u017e rekonstrukce jsou prioritou ateli\u00e9ru.<br \/> V letech 1991 a\u017e 1995 fungoval atelier pod n\u00e1zvem ARPO &#8211; sdru\u017een\u00ed.<\/p>\n<p>Ing. Petra MACHKOV\u00c1, jednatelka a \u0159editelka firmy, je autorizovan\u00fdm stavebn\u00edm in\u017een\u00fdrem v oboru pozemn\u00ed stavby a \u010dlenem \u010cesk\u00e9 komory autorizovan\u00fdch in\u017een\u00fdr\u016f a technik\u016f \u010dinn\u00fdch ve v\u00fdstavb\u011b\u00a0<span style=\"font-size: 20px;\">se v\u0161emi pr\u00e1vy, povinnostmi a z\u00e1rukami z toho vypl\u00fdvaj\u00edc\u00edmi.\u00a0<\/span><span style=\"font-size: 20px;\">Autorem architektonick\u00fdch n\u00e1vrh\u016f (nen\u00ed-li uvedeno jinak) je do konce roku 2000\u00a0<\/span><span style=\"font-size: 20px;\">Ing. arch. Jarmila Vy\u0161\u00ednov\u00e1, \u010dlen \u010cesk\u00e9 komory architekt\u016f.<\/span><\/p>\n<p>Firma ARKOS, s.r.o. m\u00e1 v sou\u010dasn\u00e9 dob\u011b 2-6 vlastn\u00edch zam\u011bstnanc\u016f a st\u00e1l\u00fd okruh dvan\u00e1cti spolupracovn\u00edk\u016f z jednotliv\u00fdch profes\u00ed (statika, zdravotn\u00ed technika, plynoinstalace, vyt\u00e1p\u011bn\u00ed, vzduchotechnika, klimatizace a chlazen\u00ed, elektro silno i slaboproud,\u00a0m\u011b\u0159en\u00ed a regulace, zpevn\u011bn\u00e9 plochy a komunikace, sadov\u00e9 \u00fapravy a zele\u0148, odpadn\u00ed hospod\u00e1\u0159stv\u00ed a ochrana vod).<\/p>\n<p>Firma ARKOS, s.r.o. m\u00e1 dlouholetou zku\u0161enost ze spolupr\u00e1ce s rakousk\u00fdmi, a n\u011bmeck\u00fdmi investory i firmami a je schopna v\u00e9st jedn\u00e1n\u00ed a vyd\u00e1vat dokumentaci i v jazyce n\u011bmeck\u00e9m. D\u00e1le m\u00e1 firma zku\u0161enosti ze spolupr\u00e1ce s italsk\u00fdmi a rusk\u00fdmi investory a je schopna v\u00e9st jedn\u00e1n\u00ed i v jazyce rusk\u00e9m a anglick\u00e9m.<\/p>\n<p>Firma ARKOS, s.r.o. m\u00e1 uzav\u0159enou roz\u0161\u00ed\u0159enou autoriza\u010dn\u00ed pojistku na odpov\u011bdnost za \u0161kody\u00a0<span style=\"font-size: 20px;\">na pojistnou \u010d\u00e1stku 5 milion\u016f K\u010d u \u010cSOB poji\u0161\u0165ovny.<\/span><\/p>\n<p>[\/et_pb_text][\/et_pb_column][\/et_pb_row][\/et_pb_section][et_pb_section fb_built=&#8220;1&#8243; admin_label=&#8220;Hero Section&#8220; _builder_version=&#8220;3.18.2&#8243; use_background_color_gradient=&#8220;on&#8220; background_color_gradient_start=&#8220;#bababa&#8220; background_color_gradient_end=&#8220;#bababa&#8220; background_image=&#8220;https:\/\/www.arkos.cz\/wp-content\/uploads\/2019\/01\/get-the-best-out-of-your-project-manager.jpg&#8220; background_position=&#8220;bottom_center&#8220; background_blend=&#8220;overlay&#8220; custom_padding=&#8220;0|0px|0px|0px&#8220;][et_pb_row _builder_version=&#8220;3.18.2&#8243;][et_pb_column type=&#8220;4_4&#8243; _builder_version=&#8220;3.18.2&#8243; parallax=&#8220;off&#8220; parallax_method=&#8220;on&#8220;][et_pb_text _builder_version=&#8220;3.18.2&#8243; text_font=&#8220;||||||||&#8220; text_text_shadow_style=&#8220;preset2&#8243; text_text_shadow_color=&#8220;#000000&#8243; header_font=&#8220;Alegreya Sans||||||||&#8220; header_text_color=&#8220;#c2ab92&#8243; header_font_size=&#8220;38px&#8220; header_2_font=&#8220;Alegreya Sans||||||||&#8220; header_2_text_color=&#8220;#c2ab92&#8243; header_3_font=&#8220;Alegreya Sans|800||on|||||&#8220; header_3_text_align=&#8220;left&#8220; header_3_text_color=&#8220;#995682&#8243; header_3_font_size=&#8220;46px&#8220; header_3_letter_spacing=&#8220;1px&#8220; background_layout=&#8220;dark&#8220; max_width=&#8220;600px&#8220; module_alignment=&#8220;left&#8220; animation_style=&#8220;fade&#8220; animation_duration=&#8220;2000ms&#8220; animation_delay=&#8220;500ms&#8220; animation_starting_opacity=&#8220;30%&#8220; locked=&#8220;off&#8220;]<\/p>\n<h3>N\u00c1\u0160 EXPERTN\u00cd T\u00ddM A JEHO P\u0158EDNOSTI<\/h3>\n<p>[\/et_pb_text][\/et_pb_column][\/et_pb_row][et_pb_row custom_padding=&#8220;0||59px||false|false&#8220; custom_margin=&#8220;||-61px&#8220; _builder_version=&#8220;3.18.2&#8243;][et_pb_column type=&#8220;4_4&#8243; _builder_version=&#8220;3.18.2&#8243; parallax=&#8220;off&#8220; parallax_method=&#8220;on&#8220;][et_pb_blurb title=&#8220;Ing. Petra Machkov\u00e1&#8220; image=&#8220;https:\/\/www.arkos.cz\/wp-content\/uploads\/2019\/02\/Machkova_qr.png&#8220; icon_placement=&#8220;left&#8220; image_max_width=&#8220;120px&#8220; content_max_width=&#8220;100%&#8220; _builder_version=&#8220;3.18.2&#8243; header_font=&#8220;Alegreya Sans|700|||||||&#8220; header_text_align=&#8220;left&#8220; header_text_color=&#8220;#4b4b4b&#8220; body_font=&#8220;Alegreya Sans|700|||||||&#8220; body_text_align=&#8220;left&#8220; body_font_size=&#8220;15px&#8220; body_line_height=&#8220;1.2em&#8220; background_color=&#8220;rgba(197,217,153,0.7)&#8220; background_color_gradient_direction=&#8220;115deg&#8220; border_radii=&#8220;on|10px|10px|10px|10px&#8220; border_radii_image=&#8220;on|8px|8px|8px|8px&#8220; box_shadow_style=&#8220;preset2&#8243; text_orientation=&#8220;right&#8220; max_width=&#8220;55%&#8220; custom_padding=&#8220;40px|40px|35px|40px&#8220; animation_style=&#8220;zoom&#8220; animation_direction=&#8220;left&#8220; max_width__hover_enabled=&#8220;on&#8220; max_width__hover=&#8220;58%&#8220; background__hover_enabled=&#8220;on&#8220; background_color__hover=&#8220;#c5d999&#8243;]<\/p>\n<p>&nbsp;<\/p>\n<p>jednatelka a zakladatelka firmy (ve firm\u011b od roku 1991)<\/p>\n<p>vystudovala: \u010cVUT Praha, fakulta stavebn\u00ed<\/p>\n<p>profese: autorizovan\u00fd in\u017een\u00fdr v oboru pozemn\u00ed stavby<\/p>\n<p>specializace na koordinaci profes\u00ed i staveb<\/p>\n<p>[\/et_pb_blurb][et_pb_button button_url=&#8220;https:\/\/www.arkos.cz\/?page_id=81&#8243; button_text=&#8220;Kontaktujte n\u00e1s&#8220; button_alignment=&#8220;center&#8220; _builder_version=&#8220;3.18.2&#8243; custom_button=&#8220;on&#8220; button_text_size=&#8220;15px&#8220; button_text_color=&#8220;#4b4b4b&#8220; button_bg_color=&#8220;rgba(197,217,153,0.7)&#8220; button_border_width=&#8220;2px&#8220; button_border_color=&#8220;#4b4b4b&#8220; button_border_radius=&#8220;6px&#8220; button_letter_spacing=&#8220;1px&#8220; button_font=&#8220;Alegreya Sans|700||on|||||&#8220; button_icon=&#8220;%%40%%&#8220; box_shadow_style=&#8220;preset2&#8243; box_shadow_color=&#8220;rgba(60,57,230,0.15)&#8220; background_layout=&#8220;dark&#8220; custom_margin=&#8220;|||&#8220; custom_padding=&#8220;12px|30px|12px|30px&#8220; button_letter_spacing_hover=&#8220;1px&#8220; locked=&#8220;off&#8220; button_text_size__hover_enabled=&#8220;on&#8220; button_one_text_size__hover_enabled=&#8220;off&#8220; button_two_text_size__hover_enabled=&#8220;off&#8220; button_text_color__hover_enabled=&#8220;off&#8220; button_one_text_color__hover_enabled=&#8220;off&#8220; button_two_text_color__hover_enabled=&#8220;off&#8220; button_border_width__hover_enabled=&#8220;off&#8220; button_one_border_width__hover_enabled=&#8220;off&#8220; button_two_border_width__hover_enabled=&#8220;off&#8220; button_border_color__hover_enabled=&#8220;off&#8220; button_one_border_color__hover_enabled=&#8220;off&#8220; button_two_border_color__hover_enabled=&#8220;off&#8220; button_border_radius__hover_enabled=&#8220;off&#8220; button_one_border_radius__hover_enabled=&#8220;off&#8220; button_two_border_radius__hover_enabled=&#8220;off&#8220; button_letter_spacing__hover_enabled=&#8220;on&#8220; button_letter_spacing__hover=&#8220;1px&#8220; button_one_letter_spacing__hover_enabled=&#8220;off&#8220; button_two_letter_spacing__hover_enabled=&#8220;off&#8220; button_bg_color__hover_enabled=&#8220;on&#8220; button_one_bg_color__hover_enabled=&#8220;off&#8220; button_two_bg_color__hover_enabled=&#8220;off&#8220; button_bg_color__hover=&#8220;#c5d999&#8243; custom_padding__hover_enabled=&#8220;on&#8220; custom_padding__hover=&#8220;15px|33px|15px|33px&#8220;][\/et_pb_button][et_pb_text _builder_version=&#8220;3.18.2&#8243; text_font=&#8220;||||||||&#8220; text_text_shadow_style=&#8220;preset1&#8243; text_text_shadow_vertical_length=&#8220;0.07em&#8220; text_text_shadow_blur_strength=&#8220;0.09em&#8220; text_text_shadow_color=&#8220;#bababa&#8220; header_font=&#8220;Alegreya Sans||||||||&#8220; header_3_font=&#8220;Alegreya Sans|700||on|||||&#8220; header_3_text_color=&#8220;#995682&#8243; header_3_font_size=&#8220;16px&#8220; header_3_letter_spacing=&#8220;1px&#8220; background_layout=&#8220;dark&#8220; max_width=&#8220;600px&#8220; module_alignment=&#8220;left&#8220; custom_margin=&#8220;||20px|&#8220; locked=&#8220;off&#8220;][\/et_pb_text][\/et_pb_column][\/et_pb_row][\/et_pb_section][et_pb_section fb_built=&#8220;1&#8243; admin_label=&#8220;Hero section&#8220; _builder_version=&#8220;3.18.2&#8243; use_background_color_gradient=&#8220;on&#8220; background_color_gradient_start=&#8220;rgba(186,186,186,0.89)&#8220; background_color_gradient_end=&#8220;rgba(75,75,75,0.54)&#8220; background_color_gradient_overlays_image=&#8220;on&#8220; background_image=&#8220;https:\/\/www.arkos.cz\/wp-content\/uploads\/2018\/12\/real-estate-06.jpg&#8220; background_position=&#8220;top_center&#8220; custom_margin=&#8220;|||&#8220; custom_padding=&#8220;10%||10%||false|false&#8220;][et_pb_row custom_margin=&#8220;|||&#8220; _builder_version=&#8220;3.0.106&#8243;][et_pb_column type=&#8220;4_4&#8243; _builder_version=&#8220;3.0.47&#8243; parallax=&#8220;off&#8220; parallax_method=&#8220;on&#8220;][et_pb_cta title=&#8220;Jsme r\u00e1di, \u017ee jsme v\u00e1s zaujali&#8230;&#8220; button_url=&#8220;https:\/\/www.arkos.cz\/?page_id=195#1&#8243; _builder_version=&#8220;3.18.2&#8243; header_font=&#8220;Alegreya Sans|800||on|||||&#8220; header_text_color=&#8220;#995682&#8243; header_font_size=&#8220;48px&#8220; header_font_size_tablet=&#8220;40px&#8220; header_font_size_last_edited=&#8220;on|tablet&#8220; header_letter_spacing=&#8220;2px&#8220; header_line_height=&#8220;1.2em&#8220; header_text_shadow_style=&#8220;preset4&#8243; header_text_shadow_vertical_length=&#8220;0.04em&#8220; header_text_shadow_color=&#8220;#0a0101&#8243; body_font=&#8220;Lato||||||||&#8220; body_font_size=&#8220;20px&#8220; body_line_height=&#8220;1.8em&#8220; use_background_color=&#8220;off&#8220; custom_button=&#8220;on&#8220; button_text_size=&#8220;16px&#8220; button_text_color=&#8220;#4b4b4b&#8220; button_bg_color=&#8220;#c5d999&#8243; button_border_width=&#8220;2px&#8220; button_border_color=&#8220;#4b4b4b&#8220; button_border_radius=&#8220;5px&#8220; button_letter_spacing=&#8220;2px&#8220; button_font=&#8220;Alegreya Sans|700||on|||||&#8220; box_shadow_style_button=&#8220;preset3&#8243; box_shadow_blur_button=&#8220;30px&#8220; box_shadow_spread_button=&#8220;8px&#8220; box_shadow_color_button=&#8220;rgba(250,127,40,0.15)&#8220; max_width=&#8220;750px&#8220; module_alignment=&#8220;center&#8220; animation_style=&#8220;fold&#8220; button_letter_spacing_hover=&#8220;2px&#8220; button_text_size__hover_enabled=&#8220;off&#8220; button_one_text_size__hover_enabled=&#8220;off&#8220; button_two_text_size__hover_enabled=&#8220;off&#8220; button_text_color__hover_enabled=&#8220;off&#8220; button_one_text_color__hover_enabled=&#8220;off&#8220; button_two_text_color__hover_enabled=&#8220;off&#8220; button_border_width__hover_enabled=&#8220;off&#8220; button_one_border_width__hover_enabled=&#8220;off&#8220; button_two_border_width__hover_enabled=&#8220;off&#8220; button_border_color__hover_enabled=&#8220;off&#8220; button_one_border_color__hover_enabled=&#8220;off&#8220; button_two_border_color__hover_enabled=&#8220;off&#8220; button_border_radius__hover_enabled=&#8220;off&#8220; button_one_border_radius__hover_enabled=&#8220;off&#8220; button_two_border_radius__hover_enabled=&#8220;off&#8220; button_letter_spacing__hover_enabled=&#8220;on&#8220; button_letter_spacing__hover=&#8220;2px&#8220; button_one_letter_spacing__hover_enabled=&#8220;off&#8220; button_two_letter_spacing__hover_enabled=&#8220;off&#8220; button_bg_color__hover_enabled=&#8220;off&#8220; button_one_bg_color__hover_enabled=&#8220;off&#8220; button_two_bg_color__hover_enabled=&#8220;off&#8220;]<\/p>\n<p>&#8230; uvid\u00edte, \u017ee budete spokojeni, stejn\u011b jako na\u0161i st\u00e1vaj\u00edc\u00ed klienti.<\/p>\n<p>[\/et_pb_cta][et_pb_button button_url=&#8220;https:\/\/www.arkos.cz\/?page_id=195&#8243; button_text=&#8220;Na\u0161e projekty&#8220; button_alignment=&#8220;center&#8220; _builder_version=&#8220;3.18.2&#8243; custom_button=&#8220;on&#8220; button_text_size=&#8220;15px&#8220; button_text_color=&#8220;#4b4b4b&#8220; button_bg_color=&#8220;rgba(197,217,153,0.7)&#8220; button_border_width=&#8220;2px&#8220; button_border_color=&#8220;#4b4b4b&#8220; button_border_radius=&#8220;6px&#8220; button_letter_spacing=&#8220;1px&#8220; button_font=&#8220;Alegreya Sans|700||on|||||&#8220; button_icon=&#8220;%%40%%&#8220; box_shadow_style=&#8220;preset2&#8243; box_shadow_color=&#8220;rgba(60,57,230,0.15)&#8220; background_layout=&#8220;dark&#8220; custom_margin=&#8220;|||&#8220; custom_padding=&#8220;12px|30px|12px|30px&#8220; button_letter_spacing_hover=&#8220;1px&#8220; locked=&#8220;off&#8220; button_text_size__hover_enabled=&#8220;on&#8220; button_one_text_size__hover_enabled=&#8220;off&#8220; button_two_text_size__hover_enabled=&#8220;off&#8220; button_text_color__hover_enabled=&#8220;off&#8220; button_one_text_color__hover_enabled=&#8220;off&#8220; button_two_text_color__hover_enabled=&#8220;off&#8220; button_border_width__hover_enabled=&#8220;off&#8220; button_one_border_width__hover_enabled=&#8220;off&#8220; button_two_border_width__hover_enabled=&#8220;off&#8220; button_border_color__hover_enabled=&#8220;off&#8220; button_one_border_color__hover_enabled=&#8220;off&#8220; button_two_border_color__hover_enabled=&#8220;off&#8220; button_border_radius__hover_enabled=&#8220;off&#8220; button_one_border_radius__hover_enabled=&#8220;off&#8220; button_two_border_radius__hover_enabled=&#8220;off&#8220; button_letter_spacing__hover_enabled=&#8220;on&#8220; button_letter_spacing__hover=&#8220;1px&#8220; button_one_letter_spacing__hover_enabled=&#8220;off&#8220; button_two_letter_spacing__hover_enabled=&#8220;off&#8220; button_bg_color__hover_enabled=&#8220;on&#8220; button_one_bg_color__hover_enabled=&#8220;off&#8220; button_two_bg_color__hover_enabled=&#8220;off&#8220; button_bg_color__hover=&#8220;#c5d999&#8243; custom_padding__hover_enabled=&#8220;on&#8220; custom_padding__hover=&#8220;15px|33px|15px|33px&#8220;][\/et_pb_button][\/et_pb_column][\/et_pb_row][\/et_pb_section]<\/p>\n","protected":false},"excerpt":{"rendered":"<p>[et_pb_section fb_built=&#8220;1&#8243; admin_label=&#8220;Hero section&#8220; _builder_version=&#8220;3.18.2&#8243; use_background_color_gradient=&#8220;on&#8220; background_color_gradient_start=&#8220;rgba(75,75,75,0.46)&#8220; background_color_gradient_end=&#8220;rgba(75,75,75,0.18)&#8220; background_color_gradient_overlays_image=&#8220;on&#8220; background_image=&#8220;https:\/\/www.arkos.cz\/wp-content\/uploads\/2019\/01\/178855.jpg&#8220; background_position=&#8220;top_center&#8220; custom_margin=&#8220;|||&#8220; custom_padding=&#8220;4.2%||10%||false|false&#8220;][et_pb_row custom_padding=&#8220;50px|50px|50px|50px&#8220; padding_top_1=&#8220;1px&#8220; _builder_version=&#8220;3.18.2&#8243; background_color=&#8220;rgba(75,75,75,0.75)&#8220; border_radii=&#8220;on|8px|8px|8px|8px&#8220;][et_pb_column type=&#8220;4_4&#8243; _builder_version=&#8220;3.0.47&#8243; padding_top=&#8220;1px&#8220; parallax=&#8220;off&#8220; parallax_method=&#8220;on&#8220;][et_pb_text _builder_version=&#8220;3.18.2&#8243; text_font=&#8220;||||||||&#8220; text_text_shadow_style=&#8220;preset2&#8243; text_text_shadow_color=&#8220;#000000&#8243; header_font=&#8220;Alegreya Sans||||||||&#8220; header_text_color=&#8220;#c2ab92&#8243; header_font_size=&#8220;38px&#8220; header_2_font=&#8220;Alegreya Sans||||||||&#8220; header_2_text_color=&#8220;#c2ab92&#8243; header_3_font=&#8220;Alegreya Sans|800||on|||||&#8220; header_3_text_align=&#8220;left&#8220; header_3_text_color=&#8220;#995682&#8243; header_3_font_size=&#8220;46px&#8220; header_3_letter_spacing=&#8220;1px&#8220; background_layout=&#8220;dark&#8220; max_width=&#8220;600px&#8220; module_alignment=&#8220;left&#8220; animation_style=&#8220;fade&#8220; animation_duration=&#8220;2000ms&#8220; animation_delay=&#8220;500ms&#8220; animation_starting_opacity=&#8220;30%&#8220; locked=&#8220;off&#8220;] N\u00e1\u0161 p\u0159\u00edb\u011bh [\/et_pb_text][et_pb_text _builder_version=&#8220;3.18.2&#8243; text_font=&#8220;Alegreya Sans||||||||&#8220; text_text_color=&#8220;#bababa&#8220; [&hellip;]<\/p>\n","protected":false},"author":1,"featured_media":0,"parent":0,"menu_order":0,"comment_status":"closed","ping_status":"closed","template":"","meta":{"_et_pb_use_builder":"on","_et_pb_old_content":"Firma vznikla na z\u00e1klad\u011b spojen\u00ed dvou my\u0161lenek (lid\u00ed).\r\nA to... v\u00fdjime\u010dn\u00fd produkt a nadstandardn\u011b kvalitn\u011b odveden\u00e1 pr\u00e1ce.\r\n\r\nEkonomick\u00e9 a ekologick\u00e9 vyt\u00e1p\u011bn\u00ed a chlazen\u00ed.\r\n\r\nKdo z V\u00e1s by necht\u011bl m\u00edt doma to nejlep\u0161\u00ed...\r\n\r\nNa\u0161i spokojen\u00ed z\u00e1kazn\u00edci n\u00e1m dokazuj\u00ed, \u017ee ob\u011b my\u0161lenky jsou pro n\u011b velmi d\u016fle\u017eit\u00e9, a \u017ee na sou\u010dasn\u00e9m trhu stavebnictv\u00ed toto nen\u00ed a\u017e tak b\u011b\u017en\u00e9, jak by se na prvn\u00ed pohled zd\u00e1lo.\r\n\r\nZn\u00ed to bohu\u017eel jako ot\u0159epan\u00e1 fr\u00e1ze, ale sehnat dnes kvalitn\u00ed a spolehlivou firmu je velmi t\u011b\u017ek\u00e9.\r\nStavebn\u00ed firmy s\u00e1zej\u00ed na reklamn\u00ed mas\u00e1\u017e klient\u016f a jin\u00ed na cenu, jin\u00ed na nekal\u00e9 praktiky...\r\nNa\u0161e zak\u00e1zky jsou v\u011bt\u0161inou z\u00edskan\u00e9 na doporu\u010den\u00ed a tud\u00ed\u017e nemus\u00edme \u0159e\u0161it reklamu a zdra\u017eovat t\u00edm na\u0161e slu\u017eby a m\u00edsto toho se m\u016f\u017eeme naplno v\u011bnovat z\u00e1kazn\u00edkovi a jeho po\u017eadavk\u016fm."},"_links":{"self":[{"href":"https:\/\/www.arkos.cz\/index.php?rest_route=\/wp\/v2\/pages\/69"}],"collection":[{"href":"https:\/\/www.arkos.cz\/index.php?rest_route=\/wp\/v2\/pages"}],"about":[{"href":"https:\/\/www.arkos.cz\/index.php?rest_route=\/wp\/v2\/types\/page"}],"author":[{"embeddable":true,"href":"https:\/\/www.arkos.cz\/index.php?rest_route=\/wp\/v2\/users\/1"}],"replies":[{"embeddable":true,"href":"https:\/\/www.arkos.cz\/index.php?rest_route=%2Fwp%2Fv2%2Fcomments&post=69"}],"version-history":[{"count":28,"href":"https:\/\/www.arkos.cz\/index.php?rest_route=\/wp\/v2\/pages\/69\/revisions"}],"predecessor-version":[{"id":1331,"href":"https:\/\/www.arkos.cz\/index.php?rest_route=\/wp\/v2\/pages\/69\/revisions\/1331"}],"wp:attachment":[{"href":"https:\/\/www.arkos.cz\/index.php?rest_route=%2Fwp%2Fv2%2Fmedia&parent=69"}],"curies":[{"name":"wp","href":"https:\/\/api.w.org\/{rel}","templated":true}]}}